{"id":1159,"date":"2019-03-20T10:40:41","date_gmt":"2019-03-20T09:40:41","guid":{"rendered":"http:\/\/sonntagsches-haus.de\/?page_id=1159"},"modified":"2020-09-21T19:17:42","modified_gmt":"2020-09-21T17:17:42","slug":"1997-1998","status":"publish","type":"page","link":"https:\/\/sonntagsches-haus.de\/?page_id=1159","title":{"rendered":"1997 \/ 1998"},"content":{"rendered":"<p><a href=\"https:\/\/sonntagsches-haus.de\/wp-content\/uploads\/2013\/08\/Hofmauer.png\" target=\"_blank\" rel=\"noopener noreferrer\"><img loading=\"lazy\" decoding=\"async\" class=\"alignleft wp-image-1275 size-thumbnail\" src=\"https:\/\/sonntagsches-haus.de\/wp-content\/uploads\/2013\/08\/Hofmauer-150x150.png\" alt=\"\" width=\"150\" height=\"150\" \/><\/a><a href=\"https:\/\/sonntagsches-haus.de\/wp-content\/uploads\/2013\/08\/08_009_Hof-Nebengeb\u00e4ude-mit-Pultdach.jpg\" target=\"_blank\" rel=\"noopener noreferrer\"><img loading=\"lazy\" decoding=\"async\" class=\"alignleft wp-image-1262 size-thumbnail\" src=\"https:\/\/sonntagsches-haus.de\/wp-content\/uploads\/2013\/08\/08_009_Hof-Nebengeb\u00e4ude-mit-Pultdach-150x150.jpg\" alt=\"\" width=\"150\" height=\"150\" \/><\/a><\/p>\n<p><a href=\"https:\/\/sonntagsches-haus.de\/wp-content\/uploads\/2019\/03\/02-010_ALIM2797__.jpg\" target=\"_blank\" rel=\"noopener noreferrer\"><img loading=\"lazy\" decoding=\"async\" class=\"alignleft wp-image-2341 size-thumbnail\" src=\"https:\/\/sonntagsches-haus.de\/wp-content\/uploads\/2019\/03\/02-010_ALIM2797__-150x150.jpg\" alt=\"\" width=\"150\" height=\"150\" \/><\/a>Im Zuge des Stra\u00dfenausbaus in der Burgstrasse\/Pfortenplatz 1997 \/ 98 wurde die stark gesch\u00e4digte Hofmauer rekonstruiert und die Nebengeb\u00e4ude im Grundst\u00fcck wegen Bauf\u00e4lligkeit abgerissen. Mengen an Bauschutt und Unrat blieben auf dem Innenhof zur\u00fcck.<\/p>\n<p>&nbsp;<\/p>\n<p><a href=\"https:\/\/sonntagsches-haus.de\/wp-content\/uploads\/2019\/03\/03-002-4_ALIM3039__.jpg\" target=\"_blank\" rel=\"noopener noreferrer\"><img loading=\"lazy\" decoding=\"async\" class=\"wp-image-2343 size-thumbnail alignleft\" src=\"https:\/\/sonntagsches-haus.de\/wp-content\/uploads\/2019\/03\/03-002-4_ALIM3039__-150x150.jpg\" alt=\"\" width=\"150\" height=\"150\" \/><\/a>\u00a0 <a href=\"https:\/\/sonntagsches-haus.de\/wp-content\/uploads\/2019\/03\/03-003-3_ALIM3040__.jpg\" target=\"_blank\" rel=\"noopener noreferrer\"><img loading=\"lazy\" decoding=\"async\" class=\"wp-image-2344 size-thumbnail alignleft\" src=\"https:\/\/sonntagsches-haus.de\/wp-content\/uploads\/2019\/03\/03-003-3_ALIM3040__-150x150.jpg\" alt=\"\" width=\"150\" height=\"150\" \/><\/a><\/p>\n","protected":false},"excerpt":{"rendered":"<p>Im Zuge des Stra\u00dfenausbaus in der Burgstrasse\/Pfortenplatz 1997 \/ 98 wurde die stark gesch\u00e4digte Hofmauer rekonstruiert und die Nebengeb\u00e4ude im Grundst\u00fcck wegen Bauf\u00e4lligkeit abgerissen. Mengen an Bauschutt und Unrat blieben auf dem Innenhof zur\u00fcck. &nbsp; \u00a0<\/p>\n","protected":false},"author":1,"featured_media":0,"parent":37,"menu_order":3,"comment_status":"closed","ping_status":"closed","template":"","meta":{"footnotes":""},"_links":{"self":[{"href":"https:\/\/sonntagsches-haus.de\/index.php?rest_route=\/wp\/v2\/pages\/1159"}],"collection":[{"href":"https:\/\/sonntagsches-haus.de\/index.php?rest_route=\/wp\/v2\/pages"}],"about":[{"href":"https:\/\/sonntagsches-haus.de\/index.php?rest_route=\/wp\/v2\/types\/page"}],"author":[{"embeddable":true,"href":"https:\/\/sonntagsches-haus.de\/index.php?rest_route=\/wp\/v2\/users\/1"}],"replies":[{"embeddable":true,"href":"https:\/\/sonntagsches-haus.de\/index.php?rest_route=%2Fwp%2Fv2%2Fcomments&post=1159"}],"version-history":[{"count":6,"href":"https:\/\/sonntagsches-haus.de\/index.php?rest_route=\/wp\/v2\/pages\/1159\/revisions"}],"predecessor-version":[{"id":2611,"href":"https:\/\/sonntagsches-haus.de\/index.php?rest_route=\/wp\/v2\/pages\/1159\/revisions\/2611"}],"up":[{"embeddable":true,"href":"https:\/\/sonntagsches-haus.de\/index.php?rest_route=\/wp\/v2\/pages\/37"}],"wp:attachment":[{"href":"https:\/\/sonntagsches-haus.de\/index.php?rest_route=%2Fwp%2Fv2%2Fmedia&parent=1159"}],"curies":[{"name":"wp","href":"https:\/\/api.w.org\/{rel}","templated":true}]}}