{"id":2995,"date":"2025-02-13T10:10:42","date_gmt":"2025-02-13T09:10:42","guid":{"rendered":"https:\/\/sonntagsches-haus.de\/?page_id=2995"},"modified":"2025-02-13T11:40:51","modified_gmt":"2025-02-13T10:40:51","slug":"vereinsleben-rueckblick-auf-2016","status":"publish","type":"page","link":"https:\/\/sonntagsches-haus.de\/?page_id=2995","title":{"rendered":"Vereinsleben 2016"},"content":{"rendered":"<h1><span style=\"color: #0000ff;\"><strong>Highlights 2016<\/strong><\/span><\/h1>\n<p><span style=\"color: #333333;\"><span style=\"color: #0000ff;\"><em>Dezember 2016:<br \/>\n<\/em><\/span><strong><span style=\"color: #0000ff;\">Adventszeit:<\/span><br \/>\n<a href=\"https:\/\/sonntagsches-haus.de\/wp-content\/uploads\/2016\/12\/DSCI1540-2.jpg\" target=\"_blank\" rel=\"noopener noreferrer\"><img loading=\"lazy\" decoding=\"async\" class=\"alignleft wp-image-1948 size-thumbnail\" src=\"https:\/\/sonntagsches-haus.de\/wp-content\/uploads\/2016\/12\/DSCI1540-2-150x150.jpg\" alt=\"dsci1540-2\" width=\"150\" height=\"150\" \/><\/a><\/strong>Im Advent ist das H\u00e4uschen immer besonders herausgeputzt. In diesem Jahr\u00a0verwandelte es\u00a0sich in ein M\u00e4rchenhaus. Auch\u00a0diesmal\u00a0 kamen\u00a0vorweihnachtlich gestimmte Besuchergruppen\u00a0im Rahmen von\u00a0Stadtf\u00fchrungen bei uns vorbei. H\u00f6hepunkt war der Besuch\u00a0einer\u00a04. Klasse aus Sellessen.\u00a0Nach Pl\u00e4tzchen und Kinderpunsch durften\u00a0die Kinder\u00a0M\u00e4rchenr\u00e4tsel im Haus suchen,\u00a0die es zu l\u00f6sen galt.\u00a0 Im Anschlu\u00df\u00a0hat der M\u00e4rchenonkel\u00a0noch eine Geschichte vorgelesen.<br \/>\nAnl\u00e4\u00dflich des\u00a0Spremberger Lichterfestes konnten\u00a0wir\u00a0am Samstag vor dem 3. Advent \u00fcber f\u00fcnfzig \u00a0interessierte Besucher\u00a0im H\u00e4uschen begr\u00fc\u00dfen.\u00a0Wir danken allen Besuchern f\u00fcr die freundlichen Spenden, die uns helfen werden, die Betriebskosten f\u00fcr 2016\u00a0zu stemmen.<\/span><\/p>\n<p><span style=\"color: #333333;\"><span style=\"color: #0000ff;\"><em>01. Oktober 2016:<br \/>\n<\/em><strong>2. Georgenbergfest<\/strong><\/span><em><br \/>\n<\/em><a href=\"https:\/\/sonntagsches-haus.de\/wp-content\/uploads\/2016\/09\/Schokoladentaler_Georgenbergfest___2016.jpg\" target=\"_blank\" rel=\"noopener noreferrer\"><img loading=\"lazy\" decoding=\"async\" class=\"alignleft wp-image-1883\" src=\"https:\/\/sonntagsches-haus.de\/wp-content\/uploads\/2016\/09\/Schokoladentaler_Georgenbergfest___2016-300x250.jpg\" alt=\"schokoladentaler_georgenbergfest___2016\" width=\"150\" height=\"125\" srcset=\"https:\/\/sonntagsches-haus.de\/wp-content\/uploads\/2016\/09\/Schokoladentaler_Georgenbergfest___2016-300x250.jpg 300w, https:\/\/sonntagsches-haus.de\/wp-content\/uploads\/2016\/09\/Schokoladentaler_Georgenbergfest___2016-768x639.jpg 768w, https:\/\/sonntagsches-haus.de\/wp-content\/uploads\/2016\/09\/Schokoladentaler_Georgenbergfest___2016-1024x852.jpg 1024w, https:\/\/sonntagsches-haus.de\/wp-content\/uploads\/2016\/09\/Schokoladentaler_Georgenbergfest___2016-624x519.jpg 624w\" sizes=\"(max-width: 150px) 100vw, 150px\" \/><\/a><\/span><\/p>\n<p><span style=\"color: #333333;\">Unsere Freunde Gunter und Claudia Frank wurden als Vertreter\u00a0der Interessengemeinschaft f\u00fcr Ihren Einsatz bei der Sanierung des\u00a0\u00e4ltesten Wohnhauses der Stadt durch die Veranstalter geehrt &#8211; mit einem\u00a0<strong>GROSSEN SCHOKOLADENTALER<\/strong>.<br \/>\n<\/span><\/p>\n<p>&nbsp;<\/p>\n<p><span style=\"color: #333333;\"><span style=\"color: #0000ff;\"><em>Sonntag, 11. September 2016<br \/>\n<\/em><strong>Tag des offenen Denkmals<\/strong><\/span><em>\u00a0<\/em><\/span><br \/>\n<span style=\"color: #333333;\"> Es kamen nur wenig Besucher. Es war aber auch ein sehr hei\u00dfer Tag.<\/span><\/p>\n<p><span style=\"color: #333333;\"><span style=\"color: #0000ff;\"><em>13. u. 14. August\u00a02016:<br \/>\n<\/em><\/span><strong><span style=\"color: #0000ff;\">Spremberger Heimatfest<\/span><br \/>\n<\/strong><em><br \/>\n<\/em><a href=\"https:\/\/sonntagsches-haus.de\/wp-content\/uploads\/2016\/10\/DSCI1356.jpg\" target=\"_blank\" rel=\"noopener noreferrer\"><img loading=\"lazy\" decoding=\"async\" class=\"alignnone wp-image-1929 size-thumbnail\" src=\"https:\/\/sonntagsches-haus.de\/wp-content\/uploads\/2016\/10\/DSCI1356-150x150.jpg\" alt=\"dsci1356\" width=\"150\" height=\"150\" \/><\/a> <a href=\"https:\/\/sonntagsches-haus.de\/wp-content\/uploads\/2016\/10\/IMG_20160924_162654.jpg\" target=\"_blank\" rel=\"noopener noreferrer\"><img loading=\"lazy\" decoding=\"async\" class=\"alignnone wp-image-1930 size-thumbnail\" src=\"https:\/\/sonntagsches-haus.de\/wp-content\/uploads\/2016\/10\/IMG_20160924_162654-150x150.jpg\" alt=\"img_20160924_162654\" width=\"150\" height=\"150\" \/><\/a> <a href=\"https:\/\/sonntagsches-haus.de\/wp-content\/uploads\/2016\/10\/IMG_20160925_133415.jpg\" target=\"_blank\" rel=\"noopener noreferrer\"><img loading=\"lazy\" decoding=\"async\" class=\"alignnone wp-image-1931 size-thumbnail\" src=\"https:\/\/sonntagsches-haus.de\/wp-content\/uploads\/2016\/10\/IMG_20160925_133415-150x150.jpg\" alt=\"img_20160925_133415\" width=\"150\" height=\"150\" \/><\/a> <a href=\"https:\/\/sonntagsches-haus.de\/wp-content\/uploads\/2016\/10\/IMG_20160925_133428.jpg\" target=\"_blank\" rel=\"noopener noreferrer\"><img loading=\"lazy\" decoding=\"async\" class=\"alignnone wp-image-1932 size-thumbnail\" src=\"https:\/\/sonntagsches-haus.de\/wp-content\/uploads\/2016\/10\/IMG_20160925_133428-150x150.jpg\" alt=\"img_20160925_133428\" width=\"150\" height=\"150\" \/><\/a><\/span><br \/>\n<span style=\"color: #333333;\"> Es war das erste Mal, dass das H\u00e4uschen\u00a0zum Heimatfest zur Besichtigung ge\u00f6ffnet wurde. Mehr als 400 Besucher kamen\u00a0am Samstag und am Sonntag, darunter viele Wiederkehrer. Wir danken ganz herzlich allen\u00a0Spendern.<\/span><br \/>\n<span style=\"color: #333333;\"> Neu war\u00a0ebenfalls die Ausstellungen des\u00a0Kreativ-Treff Spremberg im Obergeschoss und des Niederlausitzer Verlag, Guben im Erdgeschoss, wobei man auch h\u00fcbsche und interessante Dinge\u00a0erwerben konnte. Gro\u00dfen Anklang fand, dass Nachtw\u00e4chter Kulke\u00a0uns am Samstag besuchte und\u00a0ein paar seiner Lieder sang. Am Sonntag kamen Bea und Siggi f\u00fcr ein nettes musikalisches Intermezzo\u00a0herein. Vielen Dank.<\/span><\/p>\n<p><span style=\"color: #333333;\"><span style=\"color: #0000ff;\"><em>Sonntag, 05. Juni 2016:<br \/>\n<\/em><strong>Diebstahl<\/strong><\/span><em><br \/>\n<a href=\"https:\/\/sonntagsches-haus.de\/wp-content\/uploads\/2016\/06\/DSCI0743-2.jpg\" target=\"_blank\" rel=\"noopener noreferrer\"><img loading=\"lazy\" decoding=\"async\" class=\"alignleft wp-image-1820 \" src=\"https:\/\/sonntagsches-haus.de\/wp-content\/uploads\/2016\/06\/DSCI0743-2-150x150.jpg\" alt=\"DSCI0743 (2)\" width=\"148\" height=\"148\" \/><\/a><\/em>\u00a0<strong>Unsere Amphore wurde <\/strong>gegen 18:00 Uhr vor dem Haus <strong>gestohlen<\/strong>. Sie war gerade neu bepflanzt worden und sah wohl deshalb sehr verf\u00fchrerisch aus. Viele\u00a0Passanten und Freunde des kleinen H\u00e4uschens haben sich gern an diesem Kleinod\u00a0erfreut.<\/span><br \/>\n<span style=\"color: #333333;\"> Ein <strong>diebisches P\u00e4rchen<\/strong> wurde dabei beobachtet,\u00a0 wie\u00a0sie die Amphore in ein <strong>dunkles Fahrzeug <\/strong>mit dem Kennzeichen<\/span><br \/>\n<span style=\"color: #333333;\"> <strong>SPN-GX 458<br \/>\n<\/strong>geladen haben.<\/span><br \/>\n<span style=\"color: #333333;\"> Wer kann uns helfen, diese Diebe ausfindig zu machen?<\/span><\/p>\n<p>&nbsp;<\/p>\n<p><span style=\"color: #333333;\"><span style=\"color: #0000ff;\"><em>21. Mai 2016:<br \/>\n<\/em><strong>Tag der St\u00e4dtebauf\u00f6rderung<\/strong><\/span><em><br \/>\n<\/em><\/span><\/p>\n<p><span style=\"color: #333333;\"><a href=\"https:\/\/sonntagsches-haus.de\/wp-content\/uploads\/2016\/03\/Tag-der-St\u00e4dtebauf\u00f6rderung-2016-Logo.jpg\"><img loading=\"lazy\" decoding=\"async\" class=\"wp-image-1714 size-medium alignleft\" src=\"https:\/\/sonntagsches-haus.de\/wp-content\/uploads\/2016\/03\/Tag-der-St\u00e4dtebauf\u00f6rderung-2016-Logo-300x106.jpg\" alt=\"Tag der St\u00e4dtebauf\u00f6rderung 2016 - Logo\" width=\"300\" height=\"106\" srcset=\"https:\/\/sonntagsches-haus.de\/wp-content\/uploads\/2016\/03\/Tag-der-St\u00e4dtebauf\u00f6rderung-2016-Logo-300x106.jpg 300w, https:\/\/sonntagsches-haus.de\/wp-content\/uploads\/2016\/03\/Tag-der-St\u00e4dtebauf\u00f6rderung-2016-Logo-1024x361.jpg 1024w, https:\/\/sonntagsches-haus.de\/wp-content\/uploads\/2016\/03\/Tag-der-St\u00e4dtebauf\u00f6rderung-2016-Logo-624x220.jpg 624w, https:\/\/sonntagsches-haus.de\/wp-content\/uploads\/2016\/03\/Tag-der-St\u00e4dtebauf\u00f6rderung-2016-Logo.jpg 1096w\" sizes=\"(max-width: 300px) 100vw, 300px\" \/><\/a><\/span><\/p>\n<p><span style=\"color: #333333;\">Aus diesem Anlass\u00a0war das H\u00e4uschen f\u00fcr Besucher\u00a0ge\u00f6ffnet. In drei Vortr\u00e4gen hielt der Verein\u00a0Rechenschaft \u00fcber die Verwendung der F\u00f6rdermittel, die er\u00a02015 vom Ministerium\u00a0f\u00fcr Infrastruktur des Landes Brandenburg erhalten hat. Die zahlreichen Besucher konnten sich von den\u00a0Ergebnissen in Lichtbildervortr\u00e4gen und\u00a0bei\u00a0der anschlie\u00dfenden Baustellenbegehung \u00fcberzeugen.<\/span><br \/>\n<span style=\"color: #333333;\"> Vielen Dank f\u00fcr die freundlichen und hilfreichen Spenden.<\/span><br \/>\n<span style=\"color: #333333;\"> Die Bauarbeiten gehen weiter. Bis zum Heimatfest im August sollen\u00a0die Elektroarbeiten im OG abgeschlossen sein\u00a0und\u00a0die Ostwand im Flur und Treppenhaus verputzt werden.<\/span><\/p>\n<p><span style=\"color: #0000ff;\"><em>Mai\u00a02016:<\/em><\/span><br \/>\n<span style=\"color: #0000ff;\"> <strong>Abschluss der Bauarbeiten gem\u00e4\u00df F\u00f6rderma\u00dfnahme<\/strong><\/span><br \/>\n<span style=\"color: #333333;\"> Die im F\u00f6rderprojekt (durch das\u00a0Ministerium f\u00fcr Infrastruktur des Landes Brandenburg) geplanten\u00a0Sanierungsma\u00dfnahmen\u00a0 wurden abgeschlossen.\u00a0Die Schornsteinreparatur war dabei der\u00a0schwierigste Teil.<\/span><br \/>\n<span style=\"color: #333333;\"> Als i-T\u00fcpfelchen haben\u00a0 wir\u00a0uns eine Hauskatze angeschafft. Sie sitzt seit dem 11. Mai auf dem Dach.<\/span><\/p>\n<p><span style=\"color: #333333;\"><a href=\"https:\/\/sonntagsches-haus.de\/wp-content\/uploads\/2016\/04\/Katze1.jpg\" target=\"_blank\" rel=\"noopener noreferrer\"><img loading=\"lazy\" decoding=\"async\" class=\"alignnone wp-image-1783 size-thumbnail\" src=\"https:\/\/sonntagsches-haus.de\/wp-content\/uploads\/2016\/04\/Katze1-150x150.jpg\" alt=\"Katze1\" width=\"150\" height=\"150\" \/><\/a>\u00a0 <a href=\"https:\/\/sonntagsches-haus.de\/wp-content\/uploads\/2016\/04\/DSCI1086-2.jpg\"><img loading=\"lazy\" decoding=\"async\" class=\"alignnone wp-image-1784 size-thumbnail\" src=\"https:\/\/sonntagsches-haus.de\/wp-content\/uploads\/2016\/04\/DSCI1086-2-150x150.jpg\" alt=\"DSCI1086 (2)\" width=\"150\" height=\"150\" \/><\/a>\u00a0<\/span> <a href=\"https:\/\/sonntagsches-haus.de\/wp-content\/uploads\/2016\/05\/DSCI1114.jpg\" target=\"_blank\" rel=\"noopener noreferrer\"><img loading=\"lazy\" decoding=\"async\" class=\"alignnone wp-image-1791 size-thumbnail\" src=\"https:\/\/sonntagsches-haus.de\/wp-content\/uploads\/2016\/05\/DSCI1114-150x150.jpg\" alt=\"DSCI1114\" width=\"150\" height=\"150\" \/><\/a><\/p>\n<p>In der Regionalpresse wurde \u00fcber die Bauarbeiten am H\u00e4uschen berichtet.<br \/>\n<span style=\"color: #333333;\">&#8211; Lausitzer Rundschau vom 19.04.<\/span><span style=\"color: #0000ff; text-decoration: underline;\"><br \/>\n<\/span><span style=\"color: #333333;\">&#8211; M\u00e4rkischer Bote vom 22.04.\u00a0<\/span><\/p>\n<p><span style=\"color: #0000ff;\"><em>In der Woche vor Ostern 2016:<br \/>\n<\/em><strong>Osterwerkstatt<\/strong><em><br \/>\n<\/em><\/span><strong><a href=\"https:\/\/sonntagsches-haus.de\/wp-content\/uploads\/2015\/03\/DSCI0549.jpg\" target=\"_blank\" rel=\"noopener noreferrer\"><img loading=\"lazy\" decoding=\"async\" class=\"alignnone wp-image-1693 size-thumbnail\" src=\"https:\/\/sonntagsches-haus.de\/wp-content\/uploads\/2015\/03\/DSCI0549-150x150.jpg\" alt=\"DSCI0549\" width=\"150\" height=\"150\" \/><\/a>\u00a0\u00a0\u00a0 <a href=\"https:\/\/sonntagsches-haus.de\/wp-content\/uploads\/2015\/03\/DSCI0563.jpg\" target=\"_blank\" rel=\"noopener noreferrer\"><img loading=\"lazy\" decoding=\"async\" class=\"alignnone wp-image-1695 size-thumbnail\" src=\"https:\/\/sonntagsches-haus.de\/wp-content\/uploads\/2015\/03\/DSCI0563-150x150.jpg\" alt=\"DSCI0563\" width=\"150\" height=\"150\" \/><\/a>\u00a0 \u00a0<a href=\"https:\/\/sonntagsches-haus.de\/wp-content\/uploads\/2015\/03\/Collage.jpg\" target=\"_blank\" rel=\"noopener noreferrer\"><img loading=\"lazy\" decoding=\"async\" class=\"alignnone wp-image-1694 size-medium\" src=\"https:\/\/sonntagsches-haus.de\/wp-content\/uploads\/2015\/03\/Collage-300x149.jpg\" alt=\"Collage\" width=\"300\" height=\"149\" srcset=\"https:\/\/sonntagsches-haus.de\/wp-content\/uploads\/2015\/03\/Collage-300x149.jpg 300w, https:\/\/sonntagsches-haus.de\/wp-content\/uploads\/2015\/03\/Collage-1024x508.jpg 1024w, https:\/\/sonntagsches-haus.de\/wp-content\/uploads\/2015\/03\/Collage-624x309.jpg 624w, https:\/\/sonntagsches-haus.de\/wp-content\/uploads\/2015\/03\/Collage.jpg 1944w\" sizes=\"(max-width: 300px) 100vw, 300px\" \/><\/a><a href=\"https:\/\/sonntagsches-haus.de\/wp-content\/uploads\/2015\/01\/Osterwerkstatt-.jpg\" target=\"_blank\" rel=\"noopener noreferrer\"><br \/>\n<\/a><\/strong><span style=\"color: #333333;\">Erstmals haben wir in der Woche vor Ostern eine Osterwerkstatt angeboten.<br \/>\nInteressierte\u00a0konnten unter Anleitung erfahrener Freunde\u00a0das\u00a0Bemalen von Ostereiern in\u00a0der Wachspossiertechnik und das Na\u00dffilzen \u00fcben.<br \/>\n<\/span><span style=\"color: #333333;\">Das hat allen Teilnehmern\u00a0in der gem\u00fctlichen Atmosph\u00e4re des alten Hauses viel Spa\u00df gemacht. Bei\u00a0Kaffee und Kuchen gab es interessante Gespr\u00e4che.<br \/>\nAn Ostersonntag und -montag nutzten zahlreiche Osterspazierg\u00e4nger\u00a0die Gelegenheit, sich vom\u00a0Baufortschritt im H\u00e4uschen zu \u00fcberzeugen.<br \/>\nVielen Dank wiederum f\u00fcr die freundlichen Spenden.<\/span><\/p>\n","protected":false},"excerpt":{"rendered":"<p>Highlights 2016 Dezember 2016: Adventszeit: Im Advent ist das H\u00e4uschen immer besonders herausgeputzt. In diesem Jahr\u00a0verwandelte es\u00a0sich in ein M\u00e4rchenhaus. Auch\u00a0diesmal\u00a0 kamen\u00a0vorweihnachtlich gestimmte Besuchergruppen\u00a0im Rahmen von\u00a0Stadtf\u00fchrungen bei uns vorbei. H\u00f6hepunkt war der Besuch\u00a0einer\u00a04. Klasse aus Sellessen.\u00a0Nach Pl\u00e4tzchen und Kinderpunsch durften\u00a0die Kinder\u00a0M\u00e4rchenr\u00e4tsel im Haus suchen,\u00a0die es zu l\u00f6sen galt.\u00a0 Im Anschlu\u00df\u00a0hat der M\u00e4rchenonkel\u00a0noch eine Geschichte vorgelesen. [&hellip;]<\/p>\n","protected":false},"author":1,"featured_media":0,"parent":990,"menu_order":0,"comment_status":"closed","ping_status":"closed","template":"","meta":{"footnotes":""},"_links":{"self":[{"href":"https:\/\/sonntagsches-haus.de\/index.php?rest_route=\/wp\/v2\/pages\/2995"}],"collection":[{"href":"https:\/\/sonntagsches-haus.de\/index.php?rest_route=\/wp\/v2\/pages"}],"about":[{"href":"https:\/\/sonntagsches-haus.de\/index.php?rest_route=\/wp\/v2\/types\/page"}],"author":[{"embeddable":true,"href":"https:\/\/sonntagsches-haus.de\/index.php?rest_route=\/wp\/v2\/users\/1"}],"replies":[{"embeddable":true,"href":"https:\/\/sonntagsches-haus.de\/index.php?rest_route=%2Fwp%2Fv2%2Fcomments&post=2995"}],"version-history":[{"count":3,"href":"https:\/\/sonntagsches-haus.de\/index.php?rest_route=\/wp\/v2\/pages\/2995\/revisions"}],"predecessor-version":[{"id":3065,"href":"https:\/\/sonntagsches-haus.de\/index.php?rest_route=\/wp\/v2\/pages\/2995\/revisions\/3065"}],"up":[{"embeddable":true,"href":"https:\/\/sonntagsches-haus.de\/index.php?rest_route=\/wp\/v2\/pages\/990"}],"wp:attachment":[{"href":"https:\/\/sonntagsches-haus.de\/index.php?rest_route=%2Fwp%2Fv2%2Fmedia&parent=2995"}],"curies":[{"name":"wp","href":"https:\/\/api.w.org\/{rel}","templated":true}]}}