{"id":3011,"date":"2025-02-13T10:21:46","date_gmt":"2025-02-13T09:21:46","guid":{"rendered":"https:\/\/sonntagsches-haus.de\/?page_id=3011"},"modified":"2025-02-13T11:42:40","modified_gmt":"2025-02-13T10:42:40","slug":"vereinsleben-rueckblick-auf-2023","status":"publish","type":"page","link":"https:\/\/sonntagsches-haus.de\/?page_id=3011","title":{"rendered":"Vereinsleben 2023"},"content":{"rendered":"<h1><span style=\"color: #0000ff;\"><strong>Highlights 2023<\/strong><\/span><\/h1>\n<p><span style=\"color: #0000ff;\"><em>16. und 17. Dezember<\/em><strong><br \/>\nWeihnachtsmarkt zur Spremberger Weihnacht\u00a0 \u00a0 \u00a0<\/strong><\/span><br \/>\n<span style=\"color: #0000ff;\">Tage der offenen T\u00fcr mit KTS &#8211; Verkaufsausstellung<\/span><\/p>\n<p><a href=\"https:\/\/sonntagsches-haus.de\/wp-content\/uploads\/2023\/11\/IMG_20221210_211539-scaled.jpg\" target=\"_blank\" rel=\"noopener\"><img loading=\"lazy\" decoding=\"async\" class=\"alignnone wp-image-2874\" src=\"https:\/\/sonntagsches-haus.de\/wp-content\/uploads\/2023\/11\/IMG_20221210_211539-225x300.jpg\" alt=\"\" width=\"143\" height=\"191\" srcset=\"https:\/\/sonntagsches-haus.de\/wp-content\/uploads\/2023\/11\/IMG_20221210_211539-225x300.jpg 225w, https:\/\/sonntagsches-haus.de\/wp-content\/uploads\/2023\/11\/IMG_20221210_211539-768x1024.jpg 768w, https:\/\/sonntagsches-haus.de\/wp-content\/uploads\/2023\/11\/IMG_20221210_211539-1152x1536.jpg 1152w, https:\/\/sonntagsches-haus.de\/wp-content\/uploads\/2023\/11\/IMG_20221210_211539-1536x2048.jpg 1536w, https:\/\/sonntagsches-haus.de\/wp-content\/uploads\/2023\/11\/IMG_20221210_211539-624x832.jpg 624w, https:\/\/sonntagsches-haus.de\/wp-content\/uploads\/2023\/11\/IMG_20221210_211539-scaled.jpg 1920w\" sizes=\"(max-width: 143px) 100vw, 143px\" \/><\/a><\/p>\n<p><span style=\"color: #0000ff;\"><em>24. Septemberg 2023<\/em><\/span><br \/>\n<span style=\"color: #0000ff;\"><strong>T\u00f6pfermarkt\u00a0 &#8211; Tag der Offenen T\u00fcr<\/strong><\/span><\/p>\n<p>Wir zeigten Kammerkeramikobjekte sowie fantasievolle Textil- und Kleidungskunstvon Siegrid Roga\u00df. Au\u00dferdem pr\u00e4sentierten wir die traditionellen Handwerke Spinnen und Kl\u00f6ppeln. Vielen Dank an alle Ausstellerinnen und Unterst\u00fctzer.<br \/>\nNat\u00fcrlich danken wir auch den Besuchern f\u00fcr ihr Interresse und die freundlichen Spenden.<\/p>\n<p><a href=\"https:\/\/sonntagsches-haus.de\/wp-content\/uploads\/2023\/11\/IMG_20230924_140719-scaled.jpg\" target=\"_blank\" rel=\"noopener\"><img loading=\"lazy\" decoding=\"async\" class=\"alignnone wp-image-2878\" src=\"https:\/\/sonntagsches-haus.de\/wp-content\/uploads\/2023\/11\/IMG_20230924_140719-225x300.jpg\" alt=\"\" width=\"112\" height=\"149\" srcset=\"https:\/\/sonntagsches-haus.de\/wp-content\/uploads\/2023\/11\/IMG_20230924_140719-225x300.jpg 225w, https:\/\/sonntagsches-haus.de\/wp-content\/uploads\/2023\/11\/IMG_20230924_140719-768x1024.jpg 768w, https:\/\/sonntagsches-haus.de\/wp-content\/uploads\/2023\/11\/IMG_20230924_140719-1152x1536.jpg 1152w, https:\/\/sonntagsches-haus.de\/wp-content\/uploads\/2023\/11\/IMG_20230924_140719-1536x2048.jpg 1536w, https:\/\/sonntagsches-haus.de\/wp-content\/uploads\/2023\/11\/IMG_20230924_140719-624x832.jpg 624w, https:\/\/sonntagsches-haus.de\/wp-content\/uploads\/2023\/11\/IMG_20230924_140719-scaled.jpg 1920w\" sizes=\"(max-width: 112px) 100vw, 112px\" \/><\/a> <a href=\"https:\/\/sonntagsches-haus.de\/wp-content\/uploads\/2023\/11\/IMG_20230924_140751-scaled.jpg\" target=\"_blank\" rel=\"noopener\"><img loading=\"lazy\" decoding=\"async\" class=\"alignnone wp-image-2879\" src=\"https:\/\/sonntagsches-haus.de\/wp-content\/uploads\/2023\/11\/IMG_20230924_140751-300x225.jpg\" alt=\"\" width=\"200\" height=\"150\" srcset=\"https:\/\/sonntagsches-haus.de\/wp-content\/uploads\/2023\/11\/IMG_20230924_140751-300x225.jpg 300w, https:\/\/sonntagsches-haus.de\/wp-content\/uploads\/2023\/11\/IMG_20230924_140751-1024x768.jpg 1024w, https:\/\/sonntagsches-haus.de\/wp-content\/uploads\/2023\/11\/IMG_20230924_140751-768x576.jpg 768w, https:\/\/sonntagsches-haus.de\/wp-content\/uploads\/2023\/11\/IMG_20230924_140751-1536x1152.jpg 1536w, https:\/\/sonntagsches-haus.de\/wp-content\/uploads\/2023\/11\/IMG_20230924_140751-2048x1536.jpg 2048w, https:\/\/sonntagsches-haus.de\/wp-content\/uploads\/2023\/11\/IMG_20230924_140751-624x468.jpg 624w\" sizes=\"(max-width: 200px) 100vw, 200px\" \/><\/a> <a href=\"https:\/\/sonntagsches-haus.de\/wp-content\/uploads\/2023\/11\/IMG_20230924_140939-scaled.jpg\" target=\"_blank\" rel=\"noopener\"><img loading=\"lazy\" decoding=\"async\" class=\"alignnone wp-image-2880\" src=\"https:\/\/sonntagsches-haus.de\/wp-content\/uploads\/2023\/11\/IMG_20230924_140939-300x225.jpg\" alt=\"\" width=\"200\" height=\"150\" srcset=\"https:\/\/sonntagsches-haus.de\/wp-content\/uploads\/2023\/11\/IMG_20230924_140939-300x225.jpg 300w, https:\/\/sonntagsches-haus.de\/wp-content\/uploads\/2023\/11\/IMG_20230924_140939-1024x768.jpg 1024w, https:\/\/sonntagsches-haus.de\/wp-content\/uploads\/2023\/11\/IMG_20230924_140939-768x576.jpg 768w, https:\/\/sonntagsches-haus.de\/wp-content\/uploads\/2023\/11\/IMG_20230924_140939-1536x1152.jpg 1536w, https:\/\/sonntagsches-haus.de\/wp-content\/uploads\/2023\/11\/IMG_20230924_140939-2048x1536.jpg 2048w, https:\/\/sonntagsches-haus.de\/wp-content\/uploads\/2023\/11\/IMG_20230924_140939-624x468.jpg 624w\" sizes=\"(max-width: 200px) 100vw, 200px\" \/><\/a><\/p>\n<p>&nbsp;<\/p>\n<p><span style=\"color: #0000ff;\"><em>12. u. 13. August 2023<\/em><\/span><br \/>\n<span style=\"color: #0000ff;\"><strong>Heimatfest<\/strong><\/span><\/p>\n<p><a href=\"https:\/\/sonntagsches-haus.de\/wp-content\/uploads\/2023\/09\/IMG_20230812_152820-2.jpg\" target=\"_blank\" rel=\"noopener\"> \u00a0<img loading=\"lazy\" decoding=\"async\" class=\"alignnone wp-image-2856 size-thumbnail\" src=\"https:\/\/sonntagsches-haus.de\/wp-content\/uploads\/2023\/09\/IMG_20230812_152820-2-150x150.jpg\" alt=\"\" width=\"150\" height=\"150\" srcset=\"https:\/\/sonntagsches-haus.de\/wp-content\/uploads\/2023\/09\/IMG_20230812_152820-2-150x150.jpg 150w, https:\/\/sonntagsches-haus.de\/wp-content\/uploads\/2023\/09\/IMG_20230812_152820-2-300x300.jpg 300w, https:\/\/sonntagsches-haus.de\/wp-content\/uploads\/2023\/09\/IMG_20230812_152820-2-1024x1024.jpg 1024w, https:\/\/sonntagsches-haus.de\/wp-content\/uploads\/2023\/09\/IMG_20230812_152820-2-768x768.jpg 768w, https:\/\/sonntagsches-haus.de\/wp-content\/uploads\/2023\/09\/IMG_20230812_152820-2-1536x1536.jpg 1536w, https:\/\/sonntagsches-haus.de\/wp-content\/uploads\/2023\/09\/IMG_20230812_152820-2-2048x2048.jpg 2048w, https:\/\/sonntagsches-haus.de\/wp-content\/uploads\/2023\/09\/IMG_20230812_152820-2-624x624.jpg 624w\" sizes=\"(max-width: 150px) 100vw, 150px\" \/> \u00a0<\/a><a href=\"https:\/\/sonntagsches-haus.de\/wp-content\/uploads\/2023\/09\/IMG_20230813_190541-2.jpg\" target=\"_blank\" rel=\"noopener\"><img loading=\"lazy\" decoding=\"async\" class=\"alignnone wp-image-2857 size-thumbnail\" src=\"https:\/\/sonntagsches-haus.de\/wp-content\/uploads\/2023\/09\/IMG_20230813_190541-2-150x150.jpg\" alt=\"\" width=\"150\" height=\"150\" \/> <\/a><a href=\"https:\/\/sonntagsches-haus.de\/wp-content\/uploads\/2023\/09\/2023-08-12-Heimatfest-Son-6-Kopie-scaled.jpg\"><img loading=\"lazy\" decoding=\"async\" class=\"alignnone size-thumbnail wp-image-2860\" src=\"https:\/\/sonntagsches-haus.de\/wp-content\/uploads\/2023\/09\/2023-08-12-Heimatfest-Son-6-Kopie-150x150.jpg\" alt=\"\" width=\"150\" height=\"150\" \/>\u00a0 <\/a><\/p>\n<p>Neu an unserem Angebot in diesem Jahr war:<a href=\"https:\/\/sonntagsches-haus.de\/wp-content\/uploads\/2023\/09\/IMG-20230903-WA0045-2.jpg\" target=\"_blank\" rel=\"noopener\"><img loading=\"lazy\" decoding=\"async\" class=\"alignright wp-image-2871 size-medium\" src=\"https:\/\/sonntagsches-haus.de\/wp-content\/uploads\/2023\/09\/IMG-20230903-WA0045-2-148x300.jpg\" alt=\"\" width=\"148\" height=\"300\" srcset=\"https:\/\/sonntagsches-haus.de\/wp-content\/uploads\/2023\/09\/IMG-20230903-WA0045-2-148x300.jpg 148w, https:\/\/sonntagsches-haus.de\/wp-content\/uploads\/2023\/09\/IMG-20230903-WA0045-2.jpg 219w\" sizes=\"(max-width: 148px) 100vw, 148px\" \/><\/a><br \/>\nauf dem Hof stand ein fescher, wei\u00dfer 4mx4m Pavillon, darunter Sitzgarnituren und es wurden Lausitzer Geschichten vorgelesen, auch spezielle f\u00fcr Kinder.<br \/>\nViele G\u00e4ste nahmen gern im Schatten Platz und lauschten den Vorleserinnen, genossen dabei Kaffee und selbstgebackenen Kuchen.<br \/>\nAu\u00dferdem stand vor der Hofmauer erstmals ein Tisch zum B\u00fcchertausch, von dem interessiert Gebrauch gemacht wurde.<br \/>\nAn beiden Tagen kamen viele Besucher. Wir bedanken uns herzlich bei allen Spendern.<br \/>\nAuch die neue Spreenixe Lucy und die Rosenk\u00f6nigin von Forst kamen im Kreis anderer &#8218;Hoheiten&#8216; aus der Region auf eine Kurzvisite im H\u00e4uschen vorbei.<\/p>\n<p><strong><span style=\"color: #ff0000;\">Hallo Lucy: Herzlichen Gl\u00fcckwunsch zur Wahl und viel Freude und Erf\u00fcllung bei Deiner T\u00e4tigkeit als Spremberger Spreenixe!!<\/span><\/strong><\/p>\n<p>&nbsp;<\/p>\n<h4><span style=\"color: #0000ff;\"><strong>Teilnahme an der Spremberger Kulturzeit<br \/>\n<\/strong>Unsere Aktionen waren:<strong><a href=\"https:\/\/sonntagsches-haus.de\/wp-content\/uploads\/2023\/04\/IMG-20221107-WA0002.jpg\"><img loading=\"lazy\" decoding=\"async\" class=\"alignright wp-image-2822\" src=\"https:\/\/sonntagsches-haus.de\/wp-content\/uploads\/2023\/04\/IMG-20221107-WA0002-150x150.jpg\" alt=\"\" width=\"80\" height=\"105\" srcset=\"https:\/\/sonntagsches-haus.de\/wp-content\/uploads\/2023\/04\/IMG-20221107-WA0002-228x300.jpg 228w, https:\/\/sonntagsches-haus.de\/wp-content\/uploads\/2023\/04\/IMG-20221107-WA0002-779x1024.jpg 779w, https:\/\/sonntagsches-haus.de\/wp-content\/uploads\/2023\/04\/IMG-20221107-WA0002-768x1009.jpg 768w, https:\/\/sonntagsches-haus.de\/wp-content\/uploads\/2023\/04\/IMG-20221107-WA0002-1169x1536.jpg 1169w, https:\/\/sonntagsches-haus.de\/wp-content\/uploads\/2023\/04\/IMG-20221107-WA0002-624x820.jpg 624w, https:\/\/sonntagsches-haus.de\/wp-content\/uploads\/2023\/04\/IMG-20221107-WA0002.jpg 1368w\" sizes=\"(max-width: 80px) 100vw, 80px\" \/><\/a><\/strong><\/span><\/h4>\n<ul>\n<li style=\"list-style-type: none;\">\n<ul>\n<li><span style=\"color: #0000ff;\">07. Mai, 14 Uhr:<\/span><br \/>\nStartpunkt f\u00fcr die theatralische Stadtf\u00fchrung mit dem Thema <span style=\"color: #333333;\">&#8218;Die Hochzeit der Jutta von Kittlitz&#8216;.<\/span><\/li>\n<li><span style=\"color: #0000ff;\">So., 21. Mai, von 13 &#8211; 17 Uhr:<\/span> <a href=\"https:\/\/sonntagsches-haus.de\/wp-content\/uploads\/2022\/06\/Spinnrad.jpg\"><img loading=\"lazy\" decoding=\"async\" class=\"alignright wp-image-2704\" src=\"https:\/\/sonntagsches-haus.de\/wp-content\/uploads\/2022\/06\/Spinnrad-150x150.jpg\" alt=\"\" width=\"80\" height=\"118\" srcset=\"https:\/\/sonntagsches-haus.de\/wp-content\/uploads\/2022\/06\/Spinnrad-203x300.jpg 203w, https:\/\/sonntagsches-haus.de\/wp-content\/uploads\/2022\/06\/Spinnrad.jpg 342w\" sizes=\"(max-width: 80px) 100vw, 80px\" \/><\/a><br \/>\n<span style=\"color: #333333;\">Spinnen, Vorstellung des traditionellen Handwerks mit Verkaufsausstellung.<\/span><\/li>\n<li><span style=\"color: #0000ff;\">Pfingstsonntag und -montag, 28. &#8211; 29. Mai, von 13 &#8211; 17 Uhr<\/span>:<br \/>\n<span style=\"color: #333333;\">Kakteen- und Sukkulentenausstellung mit Verkauf<a style=\"color: #333333;\" href=\"https:\/\/sonntagsches-haus.de\/wp-content\/uploads\/2023\/04\/Mammillaria-schumannii-v-globosa-.jpg\"><img loading=\"lazy\" decoding=\"async\" class=\"wp-image-2821 alignright\" src=\"https:\/\/sonntagsches-haus.de\/wp-content\/uploads\/2023\/04\/Mammillaria-schumannii-v-globosa--150x150.jpg\" alt=\"\" width=\"116\" height=\"100\" srcset=\"https:\/\/sonntagsches-haus.de\/wp-content\/uploads\/2023\/04\/Mammillaria-schumannii-v-globosa--300x258.jpg 300w, https:\/\/sonntagsches-haus.de\/wp-content\/uploads\/2023\/04\/Mammillaria-schumannii-v-globosa--1024x882.jpg 1024w, https:\/\/sonntagsches-haus.de\/wp-content\/uploads\/2023\/04\/Mammillaria-schumannii-v-globosa--768x661.jpg 768w, https:\/\/sonntagsches-haus.de\/wp-content\/uploads\/2023\/04\/Mammillaria-schumannii-v-globosa--1536x1323.jpg 1536w, https:\/\/sonntagsches-haus.de\/wp-content\/uploads\/2023\/04\/Mammillaria-schumannii-v-globosa--624x537.jpg 624w, https:\/\/sonntagsches-haus.de\/wp-content\/uploads\/2023\/04\/Mammillaria-schumannii-v-globosa-.jpg 1698w\" sizes=\"(max-width: 116px) 100vw, 116px\" \/><\/a>.<\/span><\/li>\n<\/ul>\n<\/li>\n<\/ul>\n<p>&nbsp;<\/p>\n<p>&nbsp;<\/p>\n<p>&nbsp;<\/p>\n<p><span style=\"color: #0000ff;\"><em>01. u. 02. April 2023:.<br \/>\n<\/em><strong>Fr\u00fchlingsfest in Spremberg<\/strong><\/span><br \/>\n<span style=\"color: #0000ff;\"><strong>Tag der offenen T\u00fcr mit KTS &#8211; Verkaufsausstellung und Schaukl\u00f6ppeln<\/strong><\/span><strong><br \/>\n<a href=\"https:\/\/sonntagsches-haus.de\/wp-content\/uploads\/2022\/06\/Logo-KTS.jpg\" target=\"_blank\" rel=\"noopener\"><br \/>\n<img loading=\"lazy\" decoding=\"async\" class=\"alignleft wp-image-2688 size-thumbnail\" src=\"https:\/\/sonntagsches-haus.de\/wp-content\/uploads\/2022\/06\/Logo-KTS-150x150.jpg\" alt=\"\" width=\"150\" height=\"150\" \/><\/a><a href=\"https:\/\/sonntagsches-haus.de\/wp-content\/uploads\/2023\/04\/Sterne-kloeppeln-scaled-e1682510804662.jpg\"><img loading=\"lazy\" decoding=\"async\" class=\"wp-image-2812 size-thumbnail alignleft\" src=\"https:\/\/sonntagsches-haus.de\/wp-content\/uploads\/2023\/04\/Sterne-kloeppeln-scaled-e1682510804662-150x150.jpg\" alt=\"\" width=\"150\" height=\"150\" \/><\/a><\/strong>Das war eine wunderbare Auftaktveranstaltung f\u00fcr das erste Jahr nach Corona. Bei sehr sch\u00f6nem Fr\u00fchlingswetter kamen an beiden Tagen sehr viele Besucher. Sie interessierten sich sowohl f\u00fcr das alte H\u00e4uschen als auch f\u00fcr die neuen Angebote unserer Hobbyk\u00fcnstler.<br \/>\n&#8211; k\u00fcnstlerisch gestaltete Ostereier von Ingrid Carl und Alfons Schulze<br \/>\n&#8211; Perlenkunst von Christa-Maria W\u00f6lk<br \/>\n&#8211; Keramik von Silvia Hunger<br \/>\n&#8211; Malerei unter dem Motto &#8218;Spremberg vor 100 Jahren&#8216; von Klaus Wende<br \/>\n&#8211; Malerei und FIMO-Accessoires von Sylvia Willig-Nowak<br \/>\n&#8211; erstmals nahm Sigrid Primpke aus Cottbus daran teil, die das Kl\u00f6ppeln als traditionelles Handwerk vorstellte.<br \/>\nBesucher konnten das Kl\u00f6ppeln auch selbst einmal ausprobieren.<\/p>\n<p>Wir danken unseren Besuchern f\u00fcr die gro\u00dfz\u00fcgigen Spenden, die uns helfen werden, die Strom- und Wasserrechnungen zu bezahlen.<\/p>\n<p>&nbsp;<\/p>\n","protected":false},"excerpt":{"rendered":"<p>Highlights 2023 16. und 17. Dezember Weihnachtsmarkt zur Spremberger Weihnacht\u00a0 \u00a0 \u00a0 Tage der offenen T\u00fcr mit KTS &#8211; Verkaufsausstellung 24. Septemberg 2023 T\u00f6pfermarkt\u00a0 &#8211; Tag der Offenen T\u00fcr Wir zeigten Kammerkeramikobjekte sowie fantasievolle Textil- und Kleidungskunstvon Siegrid Roga\u00df. Au\u00dferdem pr\u00e4sentierten wir die traditionellen Handwerke Spinnen und Kl\u00f6ppeln. Vielen Dank an alle Ausstellerinnen und Unterst\u00fctzer. [&hellip;]<\/p>\n","protected":false},"author":1,"featured_media":0,"parent":990,"menu_order":0,"comment_status":"closed","ping_status":"closed","template":"","meta":{"footnotes":""},"_links":{"self":[{"href":"https:\/\/sonntagsches-haus.de\/index.php?rest_route=\/wp\/v2\/pages\/3011"}],"collection":[{"href":"https:\/\/sonntagsches-haus.de\/index.php?rest_route=\/wp\/v2\/pages"}],"about":[{"href":"https:\/\/sonntagsches-haus.de\/index.php?rest_route=\/wp\/v2\/types\/page"}],"author":[{"embeddable":true,"href":"https:\/\/sonntagsches-haus.de\/index.php?rest_route=\/wp\/v2\/users\/1"}],"replies":[{"embeddable":true,"href":"https:\/\/sonntagsches-haus.de\/index.php?rest_route=%2Fwp%2Fv2%2Fcomments&post=3011"}],"version-history":[{"count":4,"href":"https:\/\/sonntagsches-haus.de\/index.php?rest_route=\/wp\/v2\/pages\/3011\/revisions"}],"predecessor-version":[{"id":3070,"href":"https:\/\/sonntagsches-haus.de\/index.php?rest_route=\/wp\/v2\/pages\/3011\/revisions\/3070"}],"up":[{"embeddable":true,"href":"https:\/\/sonntagsches-haus.de\/index.php?rest_route=\/wp\/v2\/pages\/990"}],"wp:attachment":[{"href":"https:\/\/sonntagsches-haus.de\/index.php?rest_route=%2Fwp%2Fv2%2Fmedia&parent=3011"}],"curies":[{"name":"wp","href":"https:\/\/api.w.org\/{rel}","templated":true}]}}